{"id":1001,"date":"2024-07-22T15:37:56","date_gmt":"2024-07-22T15:37:56","guid":{"rendered":"https:\/\/informaticabalsi.com\/?post_type=product&#038;p=1001"},"modified":"2024-07-22T15:38:35","modified_gmt":"2024-07-22T15:38:35","slug":"acer-x193hqb","status":"publish","type":"product","link":"https:\/\/informaticabalsi.com\/?product=acer-x193hqb","title":{"rendered":"ACER X193HQB"},"content":{"rendered":"<p>Monitor Acer 19&#8243; Panoramico<\/p>\n<p>Caracter\u00edsticas:<br \/>\n\u00b7 El Silm y atractivo ancha de 19 \u00abofrece un rendimiento optimizado de precios en un solo paquete, la conducci\u00f3n de las \u00faltimas tecnolog\u00edas de visualizaci\u00f3n como la gesti\u00f3n de contraste adaptable y tasa de respuesta r\u00e1pida para una actuaci\u00f3n impecable. X193HQ garantiza la comodidad de visi\u00f3n para el uso sostenido, sin forzar la vista. Apoyar un marco plateado brillante marco y base de contorno liso negro a\u00f1adiendo estilo contempor\u00e1neo para cualquier ambiente del hogar.<\/p>\n","protected":false},"excerpt":{"rendered":"<p>Monitor Acer 19&#8243; Panoramico<\/p>\n<p>Caracter\u00edsticas:<br \/>\n\u00b7 El Silm y atractivo ancha de 19 \u00abofrece un rendimiento optimizado de precios en un solo paquete, la conducci\u00f3n de las \u00faltimas tecnolog\u00edas de visualizaci\u00f3n como la gesti\u00f3n de contraste adaptable y tasa de respuesta r\u00e1pida para una actuaci\u00f3n impecable. X193HQ garantiza la comodidad de visi\u00f3n para el uso sostenido, sin forzar la vista. Apoyar un marco plateado brillante marco y base de contorno liso negro a\u00f1adiendo estilo contempor\u00e1neo para cualquier ambiente del hogar.<\/p>\n","protected":false},"featured_media":1002,"comment_status":"open","ping_status":"closed","template":"","meta":[],"product_brand":[],"product_cat":[15],"product_tag":[22],"class_list":{"0":"post-1001","1":"product","2":"type-product","3":"status-publish","4":"has-post-thumbnail","6":"product_cat-sin-categorizar","7":"product_tag-monitor","9":"first","10":"instock","11":"shipping-taxable","12":"product-type-simple"},"yoast_head":"<!-- This site is optimized with the Yoast SEO plugin v27.4 - https:\/\/yoast.com\/product\/yoast-seo-wordpress\/ -->\n<title>ACER X193HQB - Tienda<\/title>\n<meta name=\"robots\" content=\"index, follow, max-snippet:-1, max-image-preview:large, max-video-preview:-1\" \/>\n<link rel=\"canonical\" href=\"https:\/\/informaticabalsi.com\/?product=acer-x193hqb\" \/>\n<meta property=\"og:locale\" content=\"es_ES\" \/>\n<meta property=\"og:type\" content=\"article\" \/>\n<meta property=\"og:title\" content=\"ACER X193HQB - Tienda\" \/>\n<meta property=\"og:description\" content=\"Monitor Acer 19&quot; Panoramico  Caracter\u00edsticas: \u00b7 El Silm y atractivo ancha de 19 &quot;ofrece un rendimiento optimizado de precios en un solo paquete, la conducci\u00f3n de las \u00faltimas tecnolog\u00edas de visualizaci\u00f3n como la gesti\u00f3n de contraste adaptable y tasa de respuesta r\u00e1pida para una actuaci\u00f3n impecable. X193HQ garantiza la comodidad de visi\u00f3n para el uso sostenido, sin forzar la vista. Apoyar un marco plateado brillante marco y base de contorno liso negro a\u00f1adiendo estilo contempor\u00e1neo para cualquier ambiente del hogar.\" \/>\n<meta property=\"og:url\" content=\"https:\/\/informaticabalsi.com\/?product=acer-x193hqb\" \/>\n<meta property=\"og:site_name\" content=\"Tienda\" \/>\n<meta property=\"article:modified_time\" content=\"2024-07-22T15:38:35+00:00\" \/>\n<meta property=\"og:image\" content=\"https:\/\/informaticabalsi.com\/wp-content\/uploads\/2024\/07\/monitor.jpg\" \/>\n\t<meta property=\"og:image:width\" content=\"120\" \/>\n\t<meta property=\"og:image:height\" content=\"119\" \/>\n\t<meta property=\"og:image:type\" content=\"image\/jpeg\" \/>\n<meta name=\"twitter:card\" content=\"summary_large_image\" \/>\n<meta name=\"twitter:label1\" content=\"Tiempo de lectura\" \/>\n\t<meta name=\"twitter:data1\" content=\"1 minuto\" \/>\n<script type=\"application\/ld+json\" class=\"yoast-schema-graph\">{\"@context\":\"https:\\\/\\\/schema.org\",\"@graph\":[{\"@type\":\"WebPage\",\"@id\":\"https:\\\/\\\/informaticabalsi.com\\\/?product=acer-x193hqb\",\"url\":\"https:\\\/\\\/informaticabalsi.com\\\/?product=acer-x193hqb\",\"name\":\"ACER X193HQB - Tienda\",\"isPartOf\":{\"@id\":\"https:\\\/\\\/informaticabalsi.com\\\/#website\"},\"primaryImageOfPage\":{\"@id\":\"https:\\\/\\\/informaticabalsi.com\\\/?product=acer-x193hqb#primaryimage\"},\"image\":{\"@id\":\"https:\\\/\\\/informaticabalsi.com\\\/?product=acer-x193hqb#primaryimage\"},\"thumbnailUrl\":\"https:\\\/\\\/informaticabalsi.com\\\/wp-content\\\/uploads\\\/2024\\\/07\\\/monitor.jpg\",\"datePublished\":\"2024-07-22T15:37:56+00:00\",\"dateModified\":\"2024-07-22T15:38:35+00:00\",\"breadcrumb\":{\"@id\":\"https:\\\/\\\/informaticabalsi.com\\\/?product=acer-x193hqb#breadcrumb\"},\"inLanguage\":\"es\",\"potentialAction\":[{\"@type\":\"ReadAction\",\"target\":[\"https:\\\/\\\/informaticabalsi.com\\\/?product=acer-x193hqb\"]}]},{\"@type\":\"ImageObject\",\"inLanguage\":\"es\",\"@id\":\"https:\\\/\\\/informaticabalsi.com\\\/?product=acer-x193hqb#primaryimage\",\"url\":\"https:\\\/\\\/informaticabalsi.com\\\/wp-content\\\/uploads\\\/2024\\\/07\\\/monitor.jpg\",\"contentUrl\":\"https:\\\/\\\/informaticabalsi.com\\\/wp-content\\\/uploads\\\/2024\\\/07\\\/monitor.jpg\",\"width\":120,\"height\":119},{\"@type\":\"BreadcrumbList\",\"@id\":\"https:\\\/\\\/informaticabalsi.com\\\/?product=acer-x193hqb#breadcrumb\",\"itemListElement\":[{\"@type\":\"ListItem\",\"position\":1,\"name\":\"Portada\",\"item\":\"https:\\\/\\\/informaticabalsi.com\\\/\"},{\"@type\":\"ListItem\",\"position\":2,\"name\":\"Tienda\",\"item\":\"https:\\\/\\\/informaticabalsi.com\\\/?page_id=6\"},{\"@type\":\"ListItem\",\"position\":3,\"name\":\"ACER X193HQB\"}]},{\"@type\":\"WebSite\",\"@id\":\"https:\\\/\\\/informaticabalsi.com\\\/#website\",\"url\":\"https:\\\/\\\/informaticabalsi.com\\\/\",\"name\":\"Tienda\",\"description\":\"\",\"publisher\":{\"@id\":\"https:\\\/\\\/informaticabalsi.com\\\/#organization\"},\"potentialAction\":[{\"@type\":\"SearchAction\",\"target\":{\"@type\":\"EntryPoint\",\"urlTemplate\":\"https:\\\/\\\/informaticabalsi.com\\\/?s={search_term_string}\"},\"query-input\":{\"@type\":\"PropertyValueSpecification\",\"valueRequired\":true,\"valueName\":\"search_term_string\"}}],\"inLanguage\":\"es\"},{\"@type\":\"Organization\",\"@id\":\"https:\\\/\\\/informaticabalsi.com\\\/#organization\",\"name\":\"Tienda\",\"url\":\"https:\\\/\\\/informaticabalsi.com\\\/\",\"logo\":{\"@type\":\"ImageObject\",\"inLanguage\":\"es\",\"@id\":\"https:\\\/\\\/informaticabalsi.com\\\/#\\\/schema\\\/logo\\\/image\\\/\",\"url\":\"https:\\\/\\\/informaticabalsi.com\\\/wp-content\\\/uploads\\\/2025\\\/06\\\/Logo-nuevo-PNG.png\",\"contentUrl\":\"https:\\\/\\\/informaticabalsi.com\\\/wp-content\\\/uploads\\\/2025\\\/06\\\/Logo-nuevo-PNG.png\",\"width\":1006,\"height\":327,\"caption\":\"Tienda\"},\"image\":{\"@id\":\"https:\\\/\\\/informaticabalsi.com\\\/#\\\/schema\\\/logo\\\/image\\\/\"}}]}<\/script>\n<!-- \/ Yoast SEO plugin. -->","yoast_head_json":{"title":"ACER X193HQB - Tienda","robots":{"index":"index","follow":"follow","max-snippet":"max-snippet:-1","max-image-preview":"max-image-preview:large","max-video-preview":"max-video-preview:-1"},"canonical":"https:\/\/informaticabalsi.com\/?product=acer-x193hqb","og_locale":"es_ES","og_type":"article","og_title":"ACER X193HQB - Tienda","og_description":"Monitor Acer 19\" Panoramico  Caracter\u00edsticas: \u00b7 El Silm y atractivo ancha de 19 \"ofrece un rendimiento optimizado de precios en un solo paquete, la conducci\u00f3n de las \u00faltimas tecnolog\u00edas de visualizaci\u00f3n como la gesti\u00f3n de contraste adaptable y tasa de respuesta r\u00e1pida para una actuaci\u00f3n impecable. X193HQ garantiza la comodidad de visi\u00f3n para el uso sostenido, sin forzar la vista. Apoyar un marco plateado brillante marco y base de contorno liso negro a\u00f1adiendo estilo contempor\u00e1neo para cualquier ambiente del hogar.","og_url":"https:\/\/informaticabalsi.com\/?product=acer-x193hqb","og_site_name":"Tienda","article_modified_time":"2024-07-22T15:38:35+00:00","og_image":[{"width":120,"height":119,"url":"https:\/\/informaticabalsi.com\/wp-content\/uploads\/2024\/07\/monitor.jpg","type":"image\/jpeg"}],"twitter_card":"summary_large_image","twitter_misc":{"Tiempo de lectura":"1 minuto"},"schema":{"@context":"https:\/\/schema.org","@graph":[{"@type":"WebPage","@id":"https:\/\/informaticabalsi.com\/?product=acer-x193hqb","url":"https:\/\/informaticabalsi.com\/?product=acer-x193hqb","name":"ACER X193HQB - Tienda","isPartOf":{"@id":"https:\/\/informaticabalsi.com\/#website"},"primaryImageOfPage":{"@id":"https:\/\/informaticabalsi.com\/?product=acer-x193hqb#primaryimage"},"image":{"@id":"https:\/\/informaticabalsi.com\/?product=acer-x193hqb#primaryimage"},"thumbnailUrl":"https:\/\/informaticabalsi.com\/wp-content\/uploads\/2024\/07\/monitor.jpg","datePublished":"2024-07-22T15:37:56+00:00","dateModified":"2024-07-22T15:38:35+00:00","breadcrumb":{"@id":"https:\/\/informaticabalsi.com\/?product=acer-x193hqb#breadcrumb"},"inLanguage":"es","potentialAction":[{"@type":"ReadAction","target":["https:\/\/informaticabalsi.com\/?product=acer-x193hqb"]}]},{"@type":"ImageObject","inLanguage":"es","@id":"https:\/\/informaticabalsi.com\/?product=acer-x193hqb#primaryimage","url":"https:\/\/informaticabalsi.com\/wp-content\/uploads\/2024\/07\/monitor.jpg","contentUrl":"https:\/\/informaticabalsi.com\/wp-content\/uploads\/2024\/07\/monitor.jpg","width":120,"height":119},{"@type":"BreadcrumbList","@id":"https:\/\/informaticabalsi.com\/?product=acer-x193hqb#breadcrumb","itemListElement":[{"@type":"ListItem","position":1,"name":"Portada","item":"https:\/\/informaticabalsi.com\/"},{"@type":"ListItem","position":2,"name":"Tienda","item":"https:\/\/informaticabalsi.com\/?page_id=6"},{"@type":"ListItem","position":3,"name":"ACER X193HQB"}]},{"@type":"WebSite","@id":"https:\/\/informaticabalsi.com\/#website","url":"https:\/\/informaticabalsi.com\/","name":"Tienda","description":"","publisher":{"@id":"https:\/\/informaticabalsi.com\/#organization"},"potentialAction":[{"@type":"SearchAction","target":{"@type":"EntryPoint","urlTemplate":"https:\/\/informaticabalsi.com\/?s={search_term_string}"},"query-input":{"@type":"PropertyValueSpecification","valueRequired":true,"valueName":"search_term_string"}}],"inLanguage":"es"},{"@type":"Organization","@id":"https:\/\/informaticabalsi.com\/#organization","name":"Tienda","url":"https:\/\/informaticabalsi.com\/","logo":{"@type":"ImageObject","inLanguage":"es","@id":"https:\/\/informaticabalsi.com\/#\/schema\/logo\/image\/","url":"https:\/\/informaticabalsi.com\/wp-content\/uploads\/2025\/06\/Logo-nuevo-PNG.png","contentUrl":"https:\/\/informaticabalsi.com\/wp-content\/uploads\/2025\/06\/Logo-nuevo-PNG.png","width":1006,"height":327,"caption":"Tienda"},"image":{"@id":"https:\/\/informaticabalsi.com\/#\/schema\/logo\/image\/"}}]}},"jetpack_sharing_enabled":true,"_links":{"self":[{"href":"https:\/\/informaticabalsi.com\/index.php?rest_route=\/wp\/v2\/product\/1001","targetHints":{"allow":["GET"]}}],"collection":[{"href":"https:\/\/informaticabalsi.com\/index.php?rest_route=\/wp\/v2\/product"}],"about":[{"href":"https:\/\/informaticabalsi.com\/index.php?rest_route=\/wp\/v2\/types\/product"}],"replies":[{"embeddable":true,"href":"https:\/\/informaticabalsi.com\/index.php?rest_route=%2Fwp%2Fv2%2Fcomments&post=1001"}],"version-history":[{"count":0,"href":"https:\/\/informaticabalsi.com\/index.php?rest_route=\/wp\/v2\/product\/1001\/revisions"}],"wp:featuredmedia":[{"embeddable":true,"href":"https:\/\/informaticabalsi.com\/index.php?rest_route=\/wp\/v2\/media\/1002"}],"wp:attachment":[{"href":"https:\/\/informaticabalsi.com\/index.php?rest_route=%2Fwp%2Fv2%2Fmedia&parent=1001"}],"wp:term":[{"taxonomy":"product_brand","embeddable":true,"href":"https:\/\/informaticabalsi.com\/index.php?rest_route=%2Fwp%2Fv2%2Fproduct_brand&post=1001"},{"taxonomy":"product_cat","embeddable":true,"href":"https:\/\/informaticabalsi.com\/index.php?rest_route=%2Fwp%2Fv2%2Fproduct_cat&post=1001"},{"taxonomy":"product_tag","embeddable":true,"href":"https:\/\/informaticabalsi.com\/index.php?rest_route=%2Fwp%2Fv2%2Fproduct_tag&post=1001"}],"curies":[{"name":"wp","href":"https:\/\/api.w.org\/{rel}","templated":true}]}}